1 - 8. Let j = -89 - -136. Let z = f + j. What is the remainder when z is divided by 17?
16
Let l = 968 - 942. Calculate the remainder when 49 is divided by l.
23
Let l = 14 - 8. Calculate the remainder when l is divided by (-121 + 120)*-6*6/9.
2
Suppose -5*w + 4 = -1. Suppose -106 + 112 = 6*p. Calculate the remainder when p is divided by w.
0
Let j = 34 + -32. Let r(m) = 3*m + 6*m - 7 - 2*m + 3 + 2*m**j. Calculate the remainder when 103 is divided by r(-6).
25
Suppose -z = -5*z + 24. Suppose -17*h = -9*h. Suppose h + z = q + 3*s, -6 = -q - s. Calculate the remainder when 15 is divided by q.
3
Let u(d) = -d**2 - 23*d - 89. What is the remainder when 87 is divided by u(-9)?
13
Suppose 2*r = -2*r + 4. Let m(i) = i + 1. Let z = -28 - -33. Calculate the remainder when z is divided by m(r).
1
Let c be 40/(-15)*(-15)/(-4). What is the remainder when (c/(-4))/((-11)/(-66)) is divided by 9?
6
Suppose 3*g + 19*l - 14*l - 316 = 0, -g - 4*l = -103. Calculate the remainder when g is divided by 31.
14
Suppose 15 = -5*y, -i + 5*y - 3*y + 6 = 0. Suppose t = 0, b + 4*t - 40 = -i*t. Calculate the remainder when 158 is divided by b.
38
What is the remainder when 181 is divided by -1 - (16*-7)/8?
12
Let c(z) = 10*z + 7. Let x = -8 + 18. Let o be c(x). Suppose -l = -3*i + o, 4*i - 5*i - l = -29. Calculate the remainder when i is divided by 12.
10
Suppose -8*o + 39 = -241. Calculate the remainder when 105 is divided by o.
0
Let v be (-4)/18 + 6940/45. Suppose -2*b = 2*c - 78, -2*c = 4*b + c - v. Calculate the remainder when b is divided by (2 - 2 - 4)*-5.
17
Let t = 233 + -131. Suppose -5*d + t = d. What is the remainder when 67 is divided by d?
16
Let l = 39 - 44. Let d = l + 27. Calculate the remainder when d is divided by 4*(6/(-4))/(-1).
4
Let b = -283 + 294. What is the remainder when 48 is divided by b?
4
Suppose 5*y + 195 = 5*b, 4*b + 0*y + 2*y - 150 = 0. What is the remainder when b is divided by 17?
4
Let y(u) = 7*u - 28. Let s be y(-13). What is the remainder when s/(-7)*(0 - -3) is divided by 18?
15
What is the remainder when (1*6/(-4))/(63/(-1974)) is divided by 10?
7
Suppose 10 = -2*v, 0*v - 3 = 2*d - v. Calculate the remainder when 1 is divided by (1 - 2)/(4/d*1).
0
Calculate the remainder when ((-334)/(-6))/((-3)/(-90)*2) is divided by 14.
9
Let y = 69 + -36. Suppose d = 42 + 1. What is the remainder when d is divided by y*(0 + (-1)/(-3))?
10
Suppose -k = 1 - 20. Suppose -16 = k*x - 20*x. Calculate the remainder when 92 is divided by x.
12
Let y(v) = v**3 + 17*v**2 + 40*v + 35. What is the remainder when y(-12) is divided by 33?
11
Let y(c) = c**3 + 12*c**2 - 31*c - 9. Let g(w) = 3*w**3 + 35*w**2 - 92*w - 28. Let q(v) = -2*g(v) + 7*y(v). What is the remainder when 87 is divided by q(-16)?
6
Suppose -9*h - 4*z = -4*h - 710, 5*h + z - 695 = 0. What is the remainder when h is divided by 48?
42
Suppose 5*n + 5*u + 180 = 0, 0 = -2*u - 2 - 2. Calculate the remainder when (-10)/(-2) + -4 + 14 is divided by n/(-8) - 8/32.
3
Let w = 318 + -303. Calculate the remainder when w is divided by 13.
2
Let w = -14 - -15. Suppose g - 6 = -w. Calculate the remainder when g + (0 - 4)/(-4) is divided by 2.
0
Let c = -97 + 142. What is the remainder when 49 is divided by c?
4
Let w(x) = -x + 18. Let u(g) = -g**3 - 31*g**2 - 32*g - 55. Calculate the remainder when w(0) is divided by u(-30).
3
Let j(f) = -f - 6. Suppose 23 = -3*h - 10. Let q be j(h). Let x(k) = -k**3 + 5*k**2 + 4*k - 6. Calculate the remainder when 52 is divided by x(q).
10
Let p = -41 - -61. Suppose -5*f = -2*s - p, s - 4*s = 0. Let m(u) = -3*u**3 + 2*u**2 + 2*u + 1. What is the remainder when f is divided by m(-1)?
0
Suppose 0*x + 5*x = 105. Suppose 16 = a - 3*t, 0 = -2*a + 2*t - t + 17. Suppose -o = 1 - a. What is the remainder when x is divided by o?
3
Suppose 0*a = -2*a - 5*f + 80, 0 = -5*a - 4*f + 217. Let d = a + -33. Calculate the remainder when d is divided by 4.
0
Let g(x) = 2*x**2 - 7*x - 119. What is the remainder when 104 is divided by g(-7)?
20
What is the remainder when 2418/14 + 34/119 is divided by 7?
5
Suppose -10*g + 4 = 154. What is the remainder when 143 is divided by (g/25)/((-6)/240)?
23
Let z(g) = 43*g - 455. Let k(c) = -c**3 - 6*c**2 - 3*c + 7. What is the remainder when k(-6) is divided by z(11)?
7
Suppose -t + 5*t = 8. What is the remainder when 7 is divided by (-1 + t)/((-7)/(-21))?
1
Let v(x) = 2*x**2 - 3*x + 7. Let w(r) = -6*r**2 + 9*r - 20. Let z(f) = 7*v(f) + 2*w(f). Calculate the remainder when z(8) is divided by 38.
37
Suppose 0*p - p + 14 = 0. Let q(l) = l**3 + 7*l**2 - 2*l. Let h be q(-7). Let i = h + 11. What is the remainder when i is divided by p?
11
Suppose 695 = 22*u - 53. Suppose -2*q + 5 + 30 = 3*t, 0 = -4*t - 4*q + 44. Calculate the remainder when u is divided by t.
8
Suppose 2*d - 448 = -2*x, -3*d - 660 = -3*x - 2*d. What is the remainder when x is divided by 21?
11
Suppose 3*z - 5*r = -21, -2*z - 14 = -0*z + 4*r. Let d = z + 1. Let n(y) = -y**3 - 4*y**2 + 12*y + 7. What is the remainder when 22 is divided by n(d)?
1
Let g(w) = w**3 + 12*w**2 - 24*w - 107. Calculate the remainder when g(-13) is divided by 14.
8
Let y = 32 + 51. What is the remainder when y is divided by 21?
20
Calculate the remainder when 317 is divided by 10 + -16 - -28 - 3.
13
Let k(d) = d**3 - 2*d**2 - 2*d + 10 - 4*d**2 + 0*d**2 + 2*d**2. Let w be k(5). Suppose w = c - 13. Calculate the remainder when 149 is divided by c.
35
Let q = 106 - 111. Calculate the remainder when 263 is divided by -3 - q/((-25)/(-180)).
32
Let n(j) = j**3 + 39*j**2 - 221*j - 34. Let v(m) = -m**2 + 6*m - 2. Let h be v(5). Suppose -79 = -h*c - 22. What is the remainder when c is divided by n(-44)?
9
Let b(u) = -3*u - 31. Let j(h) be the third derivative of -h**5/60 + h**4/6 + h**3/6 + 3*h**2. Calculate the remainder when b(-15) is divided by j(2).
4
Suppose 2*r = 73 + 119. Suppose -h = -8*h + 98. Calculate the remainder when r is divided by h.
12
Suppose 1857 - 7101 = -38*h. Calculate the remainder when h is divided by 5.
3
Let p be 0*3/(-9)*-3. Let v = 29 + -14. Let o = p + v. Calculate the remainder when 58 is divided by o.
13
Suppose g + 6 - 51 = 0. Calculate the remainder when g is divided by (94/8)/1 - 1/(-4).
9
Calculate the remainder when 63 is divided by 4 + (400/22 - (-2)/(-11)).
19
Let j(d) = 23*d - 387. What is the remainder when 210 is divided by j(21)?
18
Suppose -2*b + 3*b + 165 = 0. Let q = -112 - b. Calculate the remainder when q is divided by 8.
5
Suppose -4*r + 3 = -5. Suppose r*f - 99 = 2*h - h, 3*f = -5*h + 155. Suppose -4*d + 35 + 33 = 0. Calculate the remainder when f is divided by d.
16
Suppose 4*a = 14 - 6. Suppose -a*u = -2 - 28. Calculate the remainder when 29 is divided by u.
14
What is the remainder when 1*125*((-546)/(-65))/21 is divided by 8?
2
Let o(p) = -p**3 + 6*p**2 + 7*p + 7. Let w be (-9)/18 - 14/(-4). Suppose -2*q - 13 = -w*f, -2*q + q = f - 11. What is the remainder when o(f) is divided by 2?
1
Suppose -3*x + 353 = 5*y, 2*x - 7*x = 3*y - 215. Let f = 31 + -13. Calculate the remainder when y is divided by f.
16
Let t = -9 - -52. Let i = -26 - -48. What is the remainder when t is divided by i?
21
Suppose 5*c = -4*r + 117, 5*r - 5 + 15 = 0. Calculate the remainder when 118 is divided by c.
18
Let r(x) = 15*x**2 - x - 2. Let l be r(-2). Suppose 2*n + l = 8*n. What is the remainder when n is divided by 2?
0
Let x = -1254 + 1262. Suppose 4*q + 3*p = 29, 0 = -5*q + 4*p + 6 + 7. Calculate the remainder when x is divided by q.
3
What is the remainder when (1292/238 - (-3)/(-7))*7 is divided by 6?
5
Let c be -2 + 3 - 13*(2 + -1). What is the remainder when c/(-30) - -1*(-596)/(-10) is divided by 13?
8
Suppose -5*x = 8*x - 10270. What is the remainder when x is divided by 18?
16
Let y = -223 - -527. Suppose -3*j - 55 + y = 0. What is the remainder when j is divided by 14?
13
Suppose 154*d = 141*d + 1443. Calculate the remainder when d is divided by 56.
55
Let m be 64/8 - (0 - 2). Calculate the remainder when 18 is divided by (-112)/(-10) - (-8)/m.
6
Let o be (3 - 3)*4/12. Suppose -2*r - 3*s = -o*r - 6, -5*s + 10 = 0. Suppose 4*a - 48 - 24 = r. What is the remainder when 69 is divided by a?
15
Let i be (-224)/42*6/(-4). Suppose -6*h + i + 10 = 0. Suppose -h*p + 7 = -2*p. What is the remai